te the highest common divisor of 1054 and 47855289.
527
Calculate the greatest common divisor of 74753 and 1427741.
413
Calculate the highest common divisor of 286197450 and 7.
7
Calculate the greatest common divisor of 692720 and 4340.
140
What is the highest common divisor of 148678 and 113861?
941
Calculate the highest common factor of 7308 and 21461972.
812
What is the highest common factor of 7462 and 5047510?
1066
Calculate the highest common divisor of 155800175 and 1.
1
Calculate the highest common divisor of 784 and 3593121.
49
Calculate the greatest common divisor of 16271792 and 36.
4
What is the highest common factor of 34402 and 4369221?
167
Calculate the greatest common factor of 30797 and 17469933.
1339
Calculate the highest common divisor of 50 and 37622400.
50
Calculate the highest common divisor of 126766584 and 1455.
291
Calculate the greatest common divisor of 34714 and 973013.
1021
What is the greatest common factor of 931776 and 7174?
422
What is the greatest common divisor of 196 and 1140052?
4
Calculate the greatest common divisor of 423486 and 15876.
126
Calculate the greatest common factor of 4086926 and 838.
838
What is the highest common factor of 2936 and 31672?
8
Calculate the highest common factor of 14875198 and 15340.
1534
Calculate the greatest common divisor of 23480 and 1.
1
Calculate the greatest common divisor of 8907503497 and 1363.
1363
Calculate the highest common factor of 777 and 112454211.
111
What is the highest common divisor of 136854 and 379062?
18
What is the highest common factor of 74495318 and 14?
2
What is the highest common factor of 155504707 and 59?
59
Calculate the greatest common factor of 12 and 6756792.
12
Calculate the highest common divisor of 21749 and 712075.
91
Calculate the highest common divisor of 165088 and 212.
4
What is the greatest common factor of 1408 and 44968?
88
Calculate the greatest common divisor of 74206154 and 1210.
242
What is the highest common factor of 4157 and 133809673?
4157
Calculate the highest common divisor of 1518 and 38159990.
506
Calculate the greatest common divisor of 63602 and 238084.
154
Calculate the greatest common factor of 8432 and 2004181.
527
What is the highest common factor of 18 and 14154306?
6
What is the greatest common factor of 2871 and 24507?
9
What is the greatest common divisor of 4326800 and 2800?
400
Calculate the highest common factor of 57277638 and 2321.
2321
What is the highest common divisor of 536 and 3858865?
67
What is the highest common factor of 28977 and 2685945?
2229
What is the highest common divisor of 344 and 1386269432?
344
What is the greatest common factor of 106725966 and 1734?
1734
Calculate the greatest common factor of 1596 and 9554948.
76
What is the greatest common divisor of 47995103 and 25613?
3659
Calculate the highest common divisor of 1311 and 7181313.
69
Calculate the highest common factor of 2061 and 11553737.
229
Calculate the greatest common divisor of 23013751 and 1994.
997
What is the highest common divisor of 3417300 and 1125?
225
Calculate the greatest common divisor of 4848477 and 3553.
19
Calculate the greatest common factor of 3602916 and 28782.
738
What is the highest common factor of 180 and 9191268?
36
Calculate the highest common factor of 306 and 6883062.
102
Calculate the highest common factor of 5255 and 177685.
5
Calculate the highest common factor of 189 and 67013595.
27
Calculate the greatest common factor of 12195194 and 5830.
1166
What is the greatest common factor of 24 and 9824286?
6
What is the highest common factor of 1084877 and 4158023?
4033
Calculate the greatest common divisor of 1431 and 1827334.
53
What is the highest common divisor of 51785082 and 2984?
746
Calculate the highest common divisor of 94288 and 4524496.
1328
Calculate the highest common divisor of 1107699 and 5369011.
6053
Calculate the greatest common divisor of 167515561 and 229.
229
Calculate the greatest common factor of 2545463082 and 6.
6
What is the highest common factor of 5226805 and 3420?
95
Calculate the greatest common divisor of 31706 and 241042.
382
What is the highest common divisor of 79756955 and 775?
155
Calculate the greatest common factor of 493323515 and 235.
235
What is the greatest common divisor of 59868 and 1877814?
18
Calculate the greatest common divisor of 1573 and 42633019.
1573
Calculate the greatest common factor of 40056660 and 10206.
378
Calculate the highest common divisor of 10701052 and 4705.
941
Calculate the greatest common divisor of 35 and 253202215.
35
Calculate the highest common divisor of 57659207 and 44354.
331
What is the highest common factor of 525037809 and 17?
17
Calculate the highest common factor of 69399 and 156128823.
6309
What is the highest common factor of 105720 and 14328?
24
What is the highest common divisor of 666396 and 672174?
1926
Calculate the highest common factor of 506 and 3939254.
22
What is the highest common factor of 1497144 and 1782?
66
Calculate the highest common divisor of 14682 and 68031494.
4894
What is the greatest common divisor of 543161043 and 2265?
453
Calculate the greatest common factor of 1192786 and 728.
14
Calculate the highest common factor of 6641802 and 345.
69
Calculate the highest common factor of 85463 and 1144717.
203
What is the greatest common factor of 44618640 and 165?
165
What is the greatest common factor of 125374425 and 25?
25
Calculate the greatest common factor of 8021475 and 1852.
463
Calculate the greatest common divisor of 416 and 216465184.
416
Calculate the highest common divisor of 1647 and 28731976.
61
Calculate the highest common factor of 2 and 5069875.
1
What is the greatest common factor of 64 and 3011776?
64
What is the highest common factor of 30637294 and 43018?
314
Calculate the greatest common divisor of 8608 and 40191828.
1076
Calculate the highest common factor of 28267 and 1978.
23
What is the greatest common divisor of 820 and 5902852?
164
Calculate the greatest common factor of 370040706 and 70.
14
What is the greatest common factor of 687142 and 59566?
158
What is the highest common factor of 694813 and 105?
7
What is the highest common factor of 335351 and 85541?
757
Calculate the highest common factor of 231320 and 1880.
40
Calculate the greatest common factor of 149321 and 62725118.
5149
Calculate the greatest common factor of 453755 and 49883.
601
What is the greatest common factor of 566241 and 24531?
39
Calculate the highest common factor of 51241012 and 879.
293
What is the greatest common factor of 72 and 21152?
8
What is the greatest common divisor of 64238848 and 6080?
1216
Calculate the greatest common factor of 7788 and 33249568.
2596
Calculate the highest common divisor of 129 and 1985305098.
129
Calculate the highest common divisor of 5411485 and 1615.
95
Calculate the highest common factor of 12 and 51230532.
12
Calculate the greatest common divisor of 519292 and 109394.
1318
Calculate the greatest common divisor of 2072166 and 754.
58
Calculate the greatest common divisor of 696 and 922622298.
174
Calculate the greatest common factor of 34716 and 1281599.
2893
Calculate the highest common divisor of 105 and 9746660.
35
Calculate the greatest common factor of 16092 and 19452.
12
Calculate the greatest common factor of 10568221 and 8022.
191
Calculate the greatest common factor of 445980750 and 1500.
750
Calculate the greatest common divisor of 244 and 7282546.
122
Calculate the highest common factor of 115 and 29436113.
23
What is the highest common factor of 7099 and 170147?
229
Calculate the greatest common factor of 1465668290 and 163.
163
What is the highest common factor of 14059692 and 209934?
1962
Calculate the greatest common factor of 5092 and 1793752.
76
Calculate the greatest common divisor of 171774 and 88608.
6
What is the highest common factor of 1164878 and 14222?
26
Calculate the greatest common factor of 4899986 and 926718.
2834
Calculate the greatest common divisor of 521208 and 58212.
108
Calculate the highest common divisor of 83410538 and 10278.
1142
Calculate the greatest common divisor of 644 and 2252880.
28
Calculate the greatest common divisor of 675 and 3461130.
135
What is the highest common factor of 152 and 3884227?
19
What is the g